- 3, -4*h = u - 21. Calculate the highest common divisor of f and u.
9
Let u be 50 + (-1 - (1 - 1)). Suppose 0 = -8*v + 6*v + 14. Calculate the greatest common divisor of v and u.
7
Suppose 4*r - 152 = -3*k, 4*k + 97 = 3*r + 2*k. Let c = -235 - -242. What is the greatest common divisor of r and c?
7
Let m be (4/(-6))/((-1)/21). Suppose -3*a = -0*a + 15. Let s be 0 - a/(5/m). Calculate the greatest common divisor of 14 and s.
14
Suppose 3*j - u = 91, -3*j + 2*u + 0*u + 92 = 0. Calculate the highest common divisor of 120 and j.
30
Let h be 3 - (-5 - -4) - -86. Calculate the highest common divisor of 18 and h.
18
Suppose 0 = 2*o - 3*g + 6*g - 130, 4*o = 4*g + 260. Calculate the greatest common divisor of 26 and o.
13
Suppose 2*p - 48 = -0*p - g, 3*p - 3*g - 54 = 0. Let s(z) = z**2 - z + 3. Let w be s(6). Calculate the greatest common divisor of w and p.
11
Let l(i) = i**3 + 5*i**2 + 4*i + 4. Let g(z) = -z**3 + 6*z**2 - 5*z - 3. Let v be g(5). Let p be l(v). What is the greatest common divisor of p and 90?
10
Suppose -400 = 16*c - 20*c. Calculate the greatest common factor of 20 and c.
20
Let d be (-6)/(-21) + 450/42. Let k(a) = a**3 - 12*a**2 + 15*a - 2. Let c be k(d). Let g be (4/10)/((-2)/(-30)). What is the greatest common factor of g and c?
6
Let x(s) = 8*s**2 + 4*s + 3. Let n be 4*-2*1/4. Let d be x(n). Calculate the greatest common divisor of d and 9.
9
Let s = -26 + 33. Suppose 39 = 5*o + 4. What is the greatest common factor of s and o?
7
Let b be (0 + (-96)/4)/(-1). Suppose 5*n = 2*n + 288. What is the highest common divisor of b and n?
24
Suppose -4*j - 5*v + 5 = 25, -j = v + 6. Let s = 25 + j. Calculate the greatest common divisor of s and 15.
15
Let o(j) = -j**3 - 7*j**2 + 6*j - 3. Let r be o(-8). Calculate the highest common factor of 78 and r.
13
Let p be 674/8 - (-2)/(-8). Let t be (-4)/(-24) + 355/30. Calculate the greatest common divisor of p and t.
12
Let q = -37 - -100. Let a(n) = -3*n**2 + n. Let t be a(-1). Let u be (-70)/(-8) - t/16. Calculate the greatest common factor of u and q.
9
Suppose -114*n - 68 = -116*n. What is the highest common divisor of 17 and n?
17
Let x = 40 + -6. Suppose 3*t - x = -5*y + 6, y - 30 = -5*t. Suppose 4*d = 5*b - 15, -34 = 3*b - t*b - 4*d. What is the greatest common factor of 42 and b?
7
Suppose 5*k + 5*s - 2*s = 105, -2*s = 10. Suppose -2*d = -5*d - 138. Let b = -30 - d. What is the highest common factor of k and b?
8
Suppose -4*f = -73 - 31. What is the highest common factor of 130 and f?
26
Suppose -y - 12 = -3*y. Calculate the highest common divisor of y and 12.
6
Suppose o + 4 = 5. Let p be (23 + -10)/(o - 0). Calculate the highest common factor of p and 117.
13
Suppose 0 = -2*q + 5 + 1. Suppose -4 - 2 = -r + 2*u, u - 4 = -3*r. Suppose 5 = r*n + q*n. What is the highest common factor of n and 5?
1
Suppose 0 = -2*c + 5*b + 36 + 85, -177 = -4*c - 3*b. Calculate the highest common divisor of c and 32.
16
Let b = 17 - -5. Suppose -17 = -3*u - 2, 3*w - u = 160. What is the highest common factor of w and b?
11
Suppose 0 = -5*u + 17 + 33. Let r be (-3 - -22) + -2 + 2. Let c = r - u. What is the greatest common factor of c and 1?
1
Let u(p) = p**2 - 4*p - 4. Suppose 2*b + 3*c = -c - 8, -4*b + 29 = -c. Let m be u(b). What is the greatest common factor of 16 and m?
8
Let u(g) = -g + 10. Let j(z) = 2*z + 2. Let n be j(3). Let s be u(n). Let c be -1*(-1 - 1 - s). What is the highest common factor of 10 and c?
2
Let a be 66 - (-3)/(3/(-2)). Suppose 2*v - 15 = 1. Calculate the highest common factor of a and v.
8
Suppose -3*x = 3*t - 11 - 19, 2*t - 22 = -3*x. Calculate the highest common divisor of 88 and t.
8
Let v be 20/(-25) + 1 + 87/15. What is the greatest common factor of 14 and v?
2
Let c(f) = 32*f**3 - f + 2. Let a be c(1). What is the highest common factor of 22 and a?
11
Let j = 9 - 1. Let b = j + -3. What is the greatest common factor of 35 and b?
5
Suppose 0 = 5*l - l - 112. Let j = l - -16. Calculate the greatest common divisor of j and 110.
22
Let t = -3 - -13. Calculate the greatest common divisor of t and 50.
10
Suppose -2*p + 60 = -0*p. Suppose 0*v + p = 2*v. Calculate the highest common factor of 15 and v.
15
Let r(i) = 2*i**2 + 6*i + 8. Let y = 13 - 20. Let f be r(y). Calculate the highest common divisor of 8 and f.
8
Let t(l) = -l + 1. Let o = -14 - -7. Let f be t(o). Calculate the greatest common factor of 12 and f.
4
Suppose o - 18 = -o. What is the highest common divisor of 27 and o?
9
Let i be 176/10 - 9/15. What is the greatest common factor of i and 34?
17
Suppose -4*u + 300 = -8*u. Let j = -309 + 184. Let r = u - j. What is the greatest common factor of 20 and r?
10
Suppose -3*m + 302 = -2*j, 3*j + 8 = j. Calculate the greatest common divisor of 14 and m.
14
Let w be 178*(3/2 + -1). Suppose 91 = 3*d - w. What is the highest common divisor of d and 24?
12
Let a(i) = 12*i**3 + i**2 - 1. Let m be a(1). Suppose 4*x = -5*s + 149, 0*x = x - 5*s - 31. Calculate the highest common divisor of m and x.
12
Let h(z) = -z + 15. Let c be h(11). Suppose 2*j = -p + 52, 0*p = c*j + p - 100. Calculate the highest common divisor of 72 and j.
24
Suppose -3*i + 42 = -0*i. Suppose -v + 0 = -t + 2, -2*t + 1 = -5*v. Let b be 18*(2 - v) + 3. What is the highest common divisor of b and i?
7
Let k = -228 - -352. Suppose k = 4*q + 20. What is the highest common factor of 39 and q?
13
Let s = 114 + -76. Let o = -8 + 6. Let k be (1 + o)*-54 - -3. What is the greatest common divisor of k and s?
19
Suppose -3*m + 144 = m. Let y(q) = q + 90. Let n be y(0). What is the highest common divisor of m and n?
18
Let o be (-29)/(-2) - 3/(-6). Let c = 6 + o. Calculate the highest common factor of 168 and c.
21
Suppose -10 = -5*c + 5. Let z = -9 - -15. What is the greatest common factor of c and z?
3
Let r be ((0/3)/2)/(-1). Suppose -4*x - 9 = -9*x - 2*m, 4*x + m - 9 = r. Let f be (-4)/14 - (-130)/14. Calculate the highest common factor of x and f.
3
Let q be 5/(-2)*-2 - -2. Let n(s) = -2*s + 3*s + q*s**2 - 5*s**2 - 4. Let z be n(-3). What is the greatest common factor of 77 and z?
11
Let i = 158 + -86. What is the greatest common factor of 8 and i?
8
Let r(t) = 4*t + 4. Let o be r(4). Calculate the greatest common factor of o and 60.
20
Let v(k) = 8*k**2 + 2*k + 11. Let w be v(-3). What is the highest common divisor of 11 and w?
11
Let z be 7 - -2*(-1)/1. Let y(t) = 24*t**3 - z*t**3 + t - t**2 - t**2. Let a be y(1). Calculate the greatest common divisor of 45 and a.
9
Let m be (6/(-5))/((-27)/990). Calculate the greatest common divisor of m and 4.
4
Let k be (2/3)/((-8)/(-192)). What is the highest common divisor of 40 and k?
8
Let i = 17 + -12. What is the highest common factor of i and 20?
5
Suppose -2*b + 84 + 6 = 0. Let j(u) = u**3 + u**2 + 4. Let r be j(0). Suppose 0 = -r*w + 19 + b. What is the greatest common factor of w and 16?
16
Let k = 13 - 9. Calculate the greatest common divisor of k and 6.
2
Let k = -177 - -430. Let p(h) = 6*h - 7. Let s be p(5). Calculate the highest common factor of s and k.
23
Let n = 26 + -4. Let d be (-6)/(-4) - 1/(-2). Suppose -4 + d = -c. What is the greatest common factor of c and n?
2
Let y(l) be the second derivative of -l**5/20 + 3*l**4/4 + l**3/2 + 3*l. Let z be y(7). Calculate the highest common factor of z and 17.
17
Suppose -5*c + 9 = -1. Suppose -c*x = -x + i - 4, -2*x + i = -8. What is the highest common factor of 44 and x?
4
Let s be 4/((-4)/(-2)) + 2. Suppose s*t + 12 = 4*f + 4, 0 = -4*t. Suppose -x - 2*u = 0, -2*x - u + 5 = x. What is the greatest common divisor of x and f?
2
Suppose -4*o = -4*v + 140, -3*v + 0*v = 5*o - 65. Let z be 12/6 - (-2 + -1). What is the greatest common factor of z and v?
5
Let k = -17 + 43. Suppose 5*o - 10 - 24 = -b, 158 = 4*b - 2*o. What is the greatest common divisor of b and k?
13
Let h(p) be the third derivative of -p**6/120 + 7*p**5/60 - 5*p**4/24 + 5*p**3/6 + 3*p**2. Let u be h(6). What is the greatest common factor of u and 33?
11
Let x = 34 + -16. Let i = 132 - 88. Suppose -4*r + i + 64 = 0. What is the highest common factor of r and x?
9
Suppose -3*l + 344 = l. Let q = l - 58. Calculate the greatest common factor of 70 and q.
14
Let w(h) = -4*h - 26. Let t be w(-9). Let u be 5/35 - (-69)/7. What is the highest common divisor of 